{"id":2,"date":"2019-09-10T12:24:11","date_gmt":"2019-09-10T10:24:11","guid":{"rendered":"http:\/\/nordicwalkingpalma.com\/mamis\/?page_id=2"},"modified":"2020-12-03T13:34:56","modified_gmt":"2020-12-03T12:34:56","slug":"inici","status":"publish","type":"page","link":"http:\/\/nordicwalkingpalma.com\/mamis\/","title":{"rendered":"Inici"},"content":{"rendered":"<p>[et_pb_section fb_built=\u00bb1&#8243; fullwidth=\u00bbon\u00bb disabled_on=\u00bbon|on|off\u00bb _builder_version=\u00bb3.17.6&#8243; background_color=\u00bbrgba(130,130,130,0.25)\u00bb background_image=\u00bbhttp:\/\/nordicwalkingpalma.com\/mamis\/wp-content\/uploads\/2019\/09\/mamis.jpg\u00bb background_blend=\u00bboverlay\u00bb custom_padding=\u00bb10px|0px|0px|0px\u00bb][et_pb_fullwidth_header text_orientation=\u00bbcenter\u00bb background_overlay_color=\u00bbrgba(0,0,0,0)\u00bb _builder_version=\u00bb3.17.6&#8243; title_level=\u00bbh2&#8243; title_font=\u00bbRaleway|300|||||||\u00bb title_text_align=\u00bbleft\u00bb title_text_color=\u00bb#ffffff\u00bb title_font_size=\u00bb83px\u00bb title_font_size_phone=\u00bb57px\u00bb title_font_size_last_edited=\u00bbon|phone\u00bb background_color=\u00bbrgba(255, 255, 255, 0)\u00bb background_layout=\u00bblight\u00bb custom_margin=\u00bb0px|0px||0px\u00bb custom_padding=\u00bb107px||215px|\u00bb custom_padding_phone=\u00bb60px||60px|0px\u00bb custom_padding_last_edited=\u00bbon|desktop\u00bb button_one_text_size__hover_enabled=\u00bboff\u00bb button_one_text_size__hover=\u00bbnull\u00bb button_two_text_size__hover_enabled=\u00bboff\u00bb button_two_text_size__hover=\u00bbnull\u00bb button_one_text_color__hover_enabled=\u00bboff\u00bb button_one_text_color__hover=\u00bbnull\u00bb button_two_text_color__hover_enabled=\u00bboff\u00bb button_two_text_color__hover=\u00bbnull\u00bb button_one_border_width__hover_enabled=\u00bboff\u00bb button_one_border_width__hover=\u00bbnull\u00bb button_two_border_width__hover_enabled=\u00bboff\u00bb button_two_border_width__hover=\u00bbnull\u00bb button_one_border_color__hover_enabled=\u00bboff\u00bb button_one_border_color__hover=\u00bbnull\u00bb button_two_border_color__hover_enabled=\u00bboff\u00bb button_two_border_color__hover=\u00bbnull\u00bb button_one_border_radius__hover_enabled=\u00bboff\u00bb button_one_border_radius__hover=\u00bbnull\u00bb button_two_border_radius__hover_enabled=\u00bboff\u00bb button_two_border_radius__hover=\u00bbnull\u00bb button_one_letter_spacing__hover_enabled=\u00bboff\u00bb button_one_letter_spacing__hover=\u00bbnull\u00bb button_two_letter_spacing__hover_enabled=\u00bboff\u00bb button_two_letter_spacing__hover=\u00bbnull\u00bb button_one_bg_color__hover_enabled=\u00bboff\u00bb button_one_bg_color__hover=\u00bbnull\u00bb button_two_bg_color__hover_enabled=\u00bboff\u00bb button_two_bg_color__hover=\u00bbnull\u00bb][\/et_pb_fullwidth_header][\/et_pb_section][et_pb_section fb_built=\u00bb1&#8243; _builder_version=\u00bb3.17.6&#8243; background_color=\u00bb#c6006a\u00bb custom_margin=\u00bb0px|0px|0px|0px|true|true\u00bb custom_padding=\u00bb5px|0px|5px|0px|true|true\u00bb][et_pb_row use_custom_width=\u00bbon\u00bb width_unit=\u00bboff\u00bb custom_width_percent=\u00bb100%\u00bb custom_padding=\u00bb0px|0px|0px|0px|true|true\u00bb custom_margin=\u00bb0px|0px|0px|0px|true|true\u00bb padding_top_bottom_link_1=\u00bbtrue\u00bb padding_left_right_link_1=\u00bbtrue\u00bb padding_top_1=\u00bb0px\u00bb padding_right_1=\u00bb0px\u00bb padding_bottom_1=\u00bb0px\u00bb padding_left_1=\u00bb0px\u00bb _builder_version=\u00bb3.17.6&#8243; background_size=\u00bbinitial\u00bb background_position=\u00bbtop_left\u00bb background_repeat=\u00bbrepeat\u00bb module_alignment=\u00bbcenter\u00bb][et_pb_column type=\u00bb4_4&#8243; _builder_version=\u00bb3.0.47&#8243; padding_bottom=\u00bb0px\u00bb padding_left=\u00bb0px\u00bb padding_right=\u00bb0px\u00bb padding_top=\u00bb0px\u00bb parallax=\u00bboff\u00bb parallax_method=\u00bbon\u00bb][et_pb_blurb title=\u00bbMATERNAR Y HACER DEPORTE AHORA ES POSIBLE\u00bb content_max_width=\u00bb1100px\u00bb _builder_version=\u00bb3.17.6&#8243; header_level=\u00bbh1&#8243; header_font=\u00bb|300|||||||\u00bb header_text_align=\u00bbcenter\u00bb header_text_color=\u00bb#ffffff\u00bb header_font_size=\u00bb40px\u00bb header_line_height=\u00bb1.7em\u00bb body_font=\u00bb||||||||\u00bb body_text_align=\u00bbcenter\u00bb custom_margin=\u00bb0px|0px|0px|0px|true|true\u00bb custom_padding=\u00bb0px|0px|0px|0px|true|true\u00bb][\/et_pb_blurb][\/et_pb_column][\/et_pb_row][\/et_pb_section][et_pb_section fb_built=\u00bb1&#8243; _builder_version=\u00bb3.17.6&#8243; custom_margin=\u00bb0px|0px|0px|0px|true|true\u00bb custom_padding=\u00bb0px|0px|0px|0px|true|true\u00bb][et_pb_row custom_padding=\u00bb27px|6px|27px|0px|false|false\u00bb _builder_version=\u00bb3.17.6&#8243;][et_pb_column type=\u00bb1_5&#8243; _builder_version=\u00bb3.0.47&#8243; parallax=\u00bboff\u00bb parallax_method=\u00bbon\u00bb][\/et_pb_column][et_pb_column type=\u00bb3_5&#8243; _builder_version=\u00bb3.0.47&#8243; parallax=\u00bboff\u00bb parallax_method=\u00bbon\u00bb][et_pb_blurb title=\u00bbPr\u00f3ximas actividades y novedades\u00bb _builder_version=\u00bb3.17.6&#8243; header_level=\u00bbh1&#8243; header_font=\u00bb|300|||||||\u00bb header_text_align=\u00bbcenter\u00bb header_text_color=\u00bb#c6006a\u00bb header_font_size=\u00bb40px\u00bb header_line_height=\u00bb1.7em\u00bb body_text_align=\u00bbcenter\u00bb custom_margin=\u00bb0px|0px|0px|0px|true|true\u00bb custom_padding=\u00bb0px|0px|0px|0px|true|true\u00bb][\/et_pb_blurb][et_pb_image src=\u00bbhttp:\/\/nordicwalkingpalma.com\/mamis\/wp-content\/uploads\/2020\/12\/planning-general-mamis-nov-dec-2020.jpg\u00bb _builder_version=\u00bb3.17.6&#8243;][\/et_pb_image][et_pb_blog posts_number=\u00bb1&#8243; include_categories=\u00bb8&#8243; show_author=\u00bboff\u00bb show_date=\u00bboff\u00bb show_categories=\u00bboff\u00bb show_pagination=\u00bboff\u00bb _builder_version=\u00bb3.17.6&#8243;][\/et_pb_blog][et_pb_blurb title=\u00bbActividades finalizadas\u00bb _builder_version=\u00bb3.17.6&#8243; header_level=\u00bbh1&#8243; header_font=\u00bb|300|||||||\u00bb header_text_align=\u00bbcenter\u00bb header_text_color=\u00bb#c6006a\u00bb header_font_size=\u00bb40px\u00bb header_line_height=\u00bb1.7em\u00bb body_text_align=\u00bbcenter\u00bb custom_margin=\u00bb0px|0px|0px|0px|true|true\u00bb custom_padding=\u00bb0px|0px|0px|0px|true|true\u00bb][\/et_pb_blurb][\/et_pb_column][et_pb_column type=\u00bb1_5&#8243; _builder_version=\u00bb3.0.47&#8243; parallax=\u00bboff\u00bb parallax_method=\u00bbon\u00bb][\/et_pb_column][\/et_pb_row][\/et_pb_section][et_pb_section fb_built=\u00bb1&#8243; _builder_version=\u00bb3.17.6&#8243; custom_margin=\u00bb0px|0px|0px|0px|true|true\u00bb custom_padding=\u00bb0px|0px|0px|0px|true|true\u00bb][et_pb_row _builder_version=\u00bb3.17.6&#8243;][et_pb_column type=\u00bb4_4&#8243; _builder_version=\u00bb3.0.47&#8243; parallax=\u00bboff\u00bb parallax_method=\u00bbon\u00bb][et_pb_blog fullwidth=\u00bboff\u00bb posts_number=\u00bb3&#8243; include_categories=\u00bb1&#8243; show_author=\u00bboff\u00bb show_date=\u00bboff\u00bb show_categories=\u00bboff\u00bb show_pagination=\u00bboff\u00bb _builder_version=\u00bb3.17.6&#8243;][\/et_pb_blog][\/et_pb_column][\/et_pb_row][\/et_pb_section][et_pb_section fb_built=\u00bb1&#8243; _builder_version=\u00bb3.0.98&#8243; custom_padding=\u00bb0px|0px|0px|0px\u00bb][et_pb_row make_fullwidth=\u00bbon\u00bb use_custom_gutter=\u00bbon\u00bb gutter_width=\u00bb1&#8243; custom_padding=\u00bb0px|0px|0px|0px\u00bb custom_margin=\u00bb||5px|\u00bb make_equal=\u00bbon\u00bb background_color_2=\u00bb#bf0ccc\u00bb bg_img_1=\u00bbhttp:\/\/nordicwalkingpalma.com\/mamis\/wp-content\/uploads\/2019\/09\/Pre-parto.jpg\u00bb padding_top_2=\u00bb100px\u00bb padding_bottom_2=\u00bb100px\u00bb module_class_1=\u00bbds-vertical-align\u00bb module_class_2=\u00bbds-vertical-align\u00bb _builder_version=\u00bb3.17.6&#8243;][et_pb_column type=\u00bb2_3&#8243; _builder_version=\u00bb3.0.47&#8243; bg_img=\u00bbhttp:\/\/nordicwalkingpalma.com\/mamis\/wp-content\/uploads\/2019\/09\/Pre-parto.jpg\u00bb parallax=\u00bboff\u00bb parallax_method=\u00bbon\u00bb module_class=\u00bbds-vertical-align\u00bb][\/et_pb_column][et_pb_column type=\u00bb1_3&#8243; _builder_version=\u00bb3.0.47&#8243; padding_bottom=\u00bb100px\u00bb padding_top=\u00bb100px\u00bb background_color=\u00bb#bf0ccc\u00bb parallax=\u00bboff\u00bb parallax_method=\u00bbon\u00bb module_class=\u00bbds-vertical-align\u00bb][et_pb_blurb title=\u00bbPre-Parto\u00bb url=\u00bbhttps:\/\/www.nordicwalkingpalma.com\/competicio\/equip\/\u00bb _builder_version=\u00bb3.17.6&#8243; header_level=\u00bbh1&#8243; header_font=\u00bbAbel||||||||\u00bb header_font_size=\u00bb35px\u00bb body_font_size=\u00bb17px\u00bb background_layout=\u00bbdark\u00bb custom_margin=\u00bb55px|50px|55px|50px\u00bb custom_margin_phone=\u00bb30px|50px|30px|50px\u00bb custom_margin_last_edited=\u00bbon|desktop\u00bb custom_padding=\u00bb|||\u00bb]<\/p>\n<p>El Nordic Walking es una actividad f\u00edsica ideal para embarazadas.<\/p>\n<p><a href=\"http:\/\/nordicwalkingpalma.com\/mamis\/pre-parto\/\"><strong><span style=\"color: #ffffff;\">M\u00e1s informaci\u00f3n<\/span><\/strong><\/a><\/p>\n<p>[\/et_pb_blurb][\/et_pb_column][\/et_pb_row][et_pb_row make_fullwidth=\u00bbon\u00bb use_custom_gutter=\u00bbon\u00bb gutter_width=\u00bb1&#8243; custom_padding=\u00bb0px|0px|0px|0px\u00bb custom_margin=\u00bb||5px|\u00bb make_equal=\u00bbon\u00bb background_color_1=\u00bb#0dc6e2&#8243; bg_img_2=\u00bbhttp:\/\/nordicwalkingpalma.com\/mamis\/wp-content\/uploads\/2019\/09\/Mamis-en-Marxa.jpg\u00bb padding_top_1=\u00bb150px\u00bb padding_bottom_1=\u00bb150px\u00bb module_class_1=\u00bbds-vertical-align\u00bb module_class_2=\u00bbds-vertical-align\u00bb _builder_version=\u00bb3.17.6&#8243;][et_pb_column type=\u00bb1_3&#8243; _builder_version=\u00bb3.0.47&#8243; padding_bottom=\u00bb150px\u00bb padding_top=\u00bb150px\u00bb background_color=\u00bb#0dc6e2&#8243; parallax=\u00bboff\u00bb parallax_method=\u00bbon\u00bb module_class=\u00bbds-vertical-align\u00bb][et_pb_blurb title=\u00bbPost-Parto\u00bb url=\u00bbhttps:\/\/www.nordicwalkingpalma.com\/competicio\/competidors\/\u00bb _builder_version=\u00bb3.17.6&#8243; header_level=\u00bbh1&#8243; header_font=\u00bbAbel||||||||\u00bb header_font_size=\u00bb35px\u00bb body_font_size=\u00bb17px\u00bb background_layout=\u00bbdark\u00bb custom_margin=\u00bb|50px||50px\u00bb custom_margin_tablet=\u00bb55px|50px|55px|50px\u00bb custom_margin_phone=\u00bb30px|50px|30px|50px\u00bb custom_margin_last_edited=\u00bbon|desktop\u00bb custom_padding=\u00bb|||\u00bb custom_padding_last_edited=\u00bbon|desktop\u00bb]<\/p>\n<p>El Nordic Walking favorece tanto la recuperaci\u00f3n f\u00edsica como emocional de las mamis en el postparto.<\/p>\n<p><strong><span style=\"color: #ffffff;\"><a style=\"color: #ffffff;\" href=\"http:\/\/nordicwalkingpalma.com\/mamis\/post-parto\/\">M\u00e1s informaci\u00f3n<\/a><\/span><\/strong><\/p>\n<p>[\/et_pb_blurb][\/et_pb_column][et_pb_column type=\u00bb2_3&#8243; _builder_version=\u00bb3.0.47&#8243; bg_img=\u00bbhttp:\/\/nordicwalkingpalma.com\/mamis\/wp-content\/uploads\/2019\/09\/Mamis-en-Marxa.jpg\u00bb parallax=\u00bboff\u00bb parallax_method=\u00bbon\u00bb module_class=\u00bbds-vertical-align\u00bb][\/et_pb_column][\/et_pb_row][et_pb_row make_fullwidth=\u00bbon\u00bb use_custom_gutter=\u00bbon\u00bb gutter_width=\u00bb1&#8243; custom_padding=\u00bb0px|0px|0px|0px\u00bb custom_margin=\u00bb||5px|\u00bb make_equal=\u00bbon\u00bb background_color_2=\u00bb#1abf93&#8243; bg_img_1=\u00bbhttp:\/\/nordicwalkingpalma.com\/mamis\/wp-content\/uploads\/2019\/09\/Porteo.jpg\u00bb padding_top_2=\u00bb150px\u00bb padding_bottom_2=\u00bb150px\u00bb module_class_1=\u00bbds-vertical-align\u00bb module_class_2=\u00bbds-vertical-align\u00bb _builder_version=\u00bb3.17.6&#8243;][et_pb_column type=\u00bb2_3&#8243; _builder_version=\u00bb3.0.47&#8243; bg_img=\u00bbhttp:\/\/nordicwalkingpalma.com\/mamis\/wp-content\/uploads\/2019\/09\/Porteo.jpg\u00bb parallax=\u00bboff\u00bb parallax_method=\u00bbon\u00bb module_class=\u00bbds-vertical-align\u00bb][\/et_pb_column][et_pb_column type=\u00bb1_3&#8243; _builder_version=\u00bb3.0.47&#8243; padding_bottom=\u00bb150px\u00bb padding_top=\u00bb150px\u00bb background_color=\u00bb#1abf93&#8243; parallax=\u00bboff\u00bb parallax_method=\u00bbon\u00bb module_class=\u00bbds-vertical-align\u00bb][et_pb_blurb title=\u00bbMaterial\u00bb url=\u00bbhttps:\/\/www.nordicwalkingpalma.com\/competicio\/calendari-de-competicions\/\u00bb _builder_version=\u00bb3.17.6&#8243; header_level=\u00bbh1&#8243; header_font=\u00bbAbel||||||||\u00bb header_font_size=\u00bb35px\u00bb body_font_size=\u00bb17px\u00bb background_layout=\u00bbdark\u00bb custom_margin=\u00bb|50px||50px\u00bb custom_margin_tablet=\u00bb55px|50px|55px|50px\u00bb custom_margin_phone=\u00bb30px|50px|30px|50px\u00bb custom_margin_last_edited=\u00bbon|desktop\u00bb custom_padding=\u00bb|||\u00bb custom_padding_last_edited=\u00bbon|desktop\u00bb]<\/p>\n<p>Bastones y porteo ergon\u00f3mico. Que no te falte nada.<\/p>\n<p><a href=\"http:\/\/nordicwalkingpalma.com\/mamis\/material\/\"><strong><span style=\"color: #ffffff;\">M\u00e1s informaci\u00f3n<\/span><\/strong><\/a><\/p>\n<p>[\/et_pb_blurb][\/et_pb_column][\/et_pb_row][\/et_pb_section]<\/p>\n","protected":false},"excerpt":{"rendered":"<p>El Nordic Walking es una actividad f\u00edsica ideal para embarazadas. M\u00e1s informaci\u00f3nEl Nordic Walking favorece tanto la recuperaci\u00f3n f\u00edsica como emocional de las mamis en el postparto. M\u00e1s informaci\u00f3nBastones y porteo ergon\u00f3mico. Que no te falte nada. M\u00e1s informaci\u00f3n<\/p>\n","protected":false},"author":1,"featured_media":0,"parent":0,"menu_order":0,"comment_status":"closed","ping_status":"open","template":"","meta":{"_et_pb_use_builder":"on","_et_pb_old_content":"<p>Esta es una p\u00e1gina de ejemplo, Es diferente a una entrada de blog porque se mantiene est\u00e1tica y se mostrar\u00e1 en la barra de navegaci\u00f3n (en la mayor\u00eda de temas). Casi todo el mundo comienza con una p\u00e1gina Acerca de m\u00ed para presentarse a los potenciales visitantes. Podr\u00eda ser algo as\u00ed:<\/p><blockquote><p>\u00a1Hola!: Soy mensajero por el d\u00eda, aspirante a actor por la noche y esta es mi web. Vivo en Madrid, tengo perrazo llamado Juan y me encantan las pi\u00f1as coladas (y que me pille un chaparr\u00f3n)<\/p><\/blockquote><p>\u2026 o algo as\u00ed:<\/p><blockquote><p>La empresa Calcetines XYZ se fund\u00f3 en 1971, y ha estado produciendo calcetines de calidad para sus clientes desde entonces. Ubicada en Gothan, la empresa XYZ tiene m\u00e1s de 2.000 empleados e intenta ayudar en lo que puede para mejorar la vida en Gothan<\/p><\/blockquote><p>Si eres nuevo en WordPress deber\u00edas ir a <a href=\"http:\/\/nordicwalkingpalma.com\/mamis\/wp-admin\/\">tu escritorio<\/a> para borrar esta p\u00e1gina y crear algunas nuevas con tu contenido. \u00a1P\u00e1salo bien!<\/p>","_et_gb_content_width":""},"_links":{"self":[{"href":"http:\/\/nordicwalkingpalma.com\/mamis\/wp-json\/wp\/v2\/pages\/2"}],"collection":[{"href":"http:\/\/nordicwalkingpalma.com\/mamis\/wp-json\/wp\/v2\/pages"}],"about":[{"href":"http:\/\/nordicwalkingpalma.com\/mamis\/wp-json\/wp\/v2\/types\/page"}],"author":[{"embeddable":true,"href":"http:\/\/nordicwalkingpalma.com\/mamis\/wp-json\/wp\/v2\/users\/1"}],"replies":[{"embeddable":true,"href":"http:\/\/nordicwalkingpalma.com\/mamis\/wp-json\/wp\/v2\/comments?post=2"}],"version-history":[{"count":69,"href":"http:\/\/nordicwalkingpalma.com\/mamis\/wp-json\/wp\/v2\/pages\/2\/revisions"}],"predecessor-version":[{"id":671,"href":"http:\/\/nordicwalkingpalma.com\/mamis\/wp-json\/wp\/v2\/pages\/2\/revisions\/671"}],"wp:attachment":[{"href":"http:\/\/nordicwalkingpalma.com\/mamis\/wp-json\/wp\/v2\/media?parent=2"}],"curies":[{"name":"wp","href":"https:\/\/api.w.org\/{rel}","templated":true}]}}